e number?
True
Is 12800753107 a composite number?
True
Is 74370637403 composite?
False
Is 552017519 a prime number?
True
Is 1857926689 composite?
True
Is 10178401837 prime?
True
Is 462952437305 a composite number?
True
Is 24762104387 a prime number?
False
Is 31403366689 a composite number?
False
Is 407668519 composite?
True
Is 44293890379 a composite number?
True
Is 2418857213 a composite number?
False
Is 393020699 prime?
True
Is 74685231703 a composite number?
False
Is 8316707111 a prime number?
False
Is 75078703001 prime?
True
Is 26365508249 a composite number?
True
Is 363604613 a prime number?
True
Is 28001693 a composite number?
False
Is 1060762513 a prime number?
True
Is 48124886057 prime?
True
Is 17457312253 composite?
False
Is 2689917779 a prime number?
False
Is 87962807 a composite number?
False
Is 1530187511 prime?
True
Is 25111159657 composite?
False
Is 5556698419 prime?
True
Is 1106592038 a composite number?
True
Is 421540699 a composite number?
False
Is 530306683 a prime number?
False
Is 285468587 composite?
True
Is 9526990651 a composite number?
True
Is 43485306341 a composite number?
True
Is 26649202801 a composite number?
True
Is 1984425323 composite?
True
Is 12089781409 a composite number?
False
Is 2874897529 composite?
True
Is 1420768787 prime?
True
Is 824382877 a prime number?
True
Is 405806419 composite?
True
Is 21754461847 prime?
True
Is 642686599 prime?
True
Is 100254277 prime?
True
Is 1154536319 a composite number?
False
Is 2240503643 prime?
False
Is 43032646511 a composite number?
False
Is 16620129433 prime?
True
Is 13697041861 prime?
True
